8 (base 14) to base 11.
280
Convert 1133 (base 7) to base 16.
1a0
Convert -1122101210 (base 3) to base 2.
-111111001101111
Convert -1a9 (base 14) to base 7.
-1002
-692 (base 14) to base 4
-110120
What is -487a (base 11) in base 7?
-24412
-2c5b (base 15) to base 7
-36542
What is 9 (base 16) in base 6?
13
What is -11101001101 (base 2) in base 10?
-1869
Convert -1010110001010001 (base 2) to base 14.
-1210d
What is 200000000 (base 3) in base 15?
3d4c
Convert -142 (base 9) to base 8.
-167
1010010011001101 (base 2) to base 4
22103031
31414 (base 5) to base 9
2803
What is 2486 (base 12) in base 4?
1000212
Convert -315 (base 15) to base 8.
-1267
-212120 (base 3) to base 7
-1566
Convert -120010 (base 4) to base 6.
-11044
-13 (base 6) to base 7
-12
Convert 6121 (base 14) to base 11.
115a2
Convert -1b89b (base 13) to base 9.
-82321
What is -5242 (base 7) in base 11?
-1426
Convert 664 (base 12) to base 11.
785
1101001101 (base 2) to base 11
6a9
Convert 1101111010010 (base 2) to base 16.
1bd2
What is 210221 (base 3) in base 13?
367
-1013322 (base 4) to base 14
-196a
Convert 245 (base 12) to base 11.
290
What is -622 (base 9) in base 16?
-1fa
Convert 121122 (base 6) to base 13.
4ac0
What is -3059 (base 12) in base 6?
-40153
253 (base 16) to base 7
1510
9613 (base 10) to base 3
111012001
143 (base 10) to base 7
263
Convert 2110000 (base 3) to base 13.
a71
Convert 311 (base 10) to base 3.
102112
-1360 (base 12) to base 7
-6336
-99a (base 14) to base 15
-86a
Convert -c63 (base 13) to base 11.
-1648
-20323210 (base 4) to base 15
-ac8a
-40103 (base 10) to base 7
-224630
Convert -117513 (base 8) to base 9.
-61840
Convert c8e (base 16) to base 9.
4361
Convert -3a5a (base 15) to base 16.
-30ac
What is -8110 (base 13) in base 3?
-220100201
6032 (base 7) to base 2
100000100001
-22000100 (base 3) to base 10
-5841
Convert 100210 (base 4) to base 11.
884
cd (base 14) to base 15
c1
Convert -5442 (base 13) to base 12.
-6943
-10011010 (base 2) to base 7
-310
-1db12 (base 14) to base 5
-4420020
Convert 1190 (base 10) to base 7.
3320
Convert 1275 (base 8) to base 14.
381
Convert 3472 (base 9) to base 11.
1a32
1045 (base 6) to base 3
100002
What is 1224 (base 6) in base 11?
257
-10000110011 (base 2) to base 15
-4ba
Convert -4156 (base 8) to base 9.
-2857
Convert -82a6 (base 15) to base 16.
-6bd6
Convert -211 (base 7) to base 12.
-8a
Convert -3401 (base 9) to base 2.
-100111010000
Convert 253 (base 11) to base 3.
102010
4ba (base 16) to base 2
10010111010
Convert -127 (base 16) to base 13.
-199
What is -1202011 (base 3) in base 16?
-4f9
What is -93 (base 13) in base 7?
-231
-40427 (base 8) to base 12
-9787
Convert 11120122 (base 3) to base 13.
169a
Convert 647 (base 8) to base 2.
110100111
-23406 (base 8) to base 3
-111201000
-896 (base 11) to base 12
-755
Convert 111000101 (base 2) to base 15.
203
Convert 401 (base 9) to base 2.
101000101
Convert -112112 (base 3) to base 11.
-327
Convert -20446 (base 12) to base 15.
-c71c
Convert 1110111001111000 (base 2) to base 15.
1314d
551 (base 9) to base 10
451
What is 2634 (base 9) in base 8?
3667
-27847 (base 10) to base 15
-83b7
What is 293 (base 14) in base 7?
1343
Convert 268 (base 10) to base 14.
152
What is 444 (base 15) in base 12?
684
Convert 16165 (base 11) to base 9.
34264
What is -1bba (base 16) in base 15?
-2183
16d (base 16) to base 11
302
What is -1608 (base 10) in base 14?
-82c
-510 (base 8) to base 12
-234
What is -102 (base 3) in base 13?
-b
1110011111110 (base 2) to base 13
34bc
-6c0 (base 15) to base 13
-909
23211 (base 4) to base 16
2e5
Convert -1819 (base 11) to base 13.
-1095
What is 25733 (base 9) in base 10?
17364
-100222 (base 3) to base 8
-415
7047 (base 9) to base 5
131041
What is aa3 (base 12) in base 11?
11a1
What is 3532 (base 16) in base 6?
143014
Convert 52720 (base 8) to base 4.
11113100
Convert 10100100110001000 (base 2) to base 13.
2c523
118c (base 13) to base 15
b07
What is -29d (base 16) in base 14?
-35b
What is 2054 (base 15) in base 9?
10327
What is -1938 (base 14) in base 13?
-20c8
Convert -957 (base 12) to base 10.
-1363
Convert -2424 (base 5) to base 14.
-1c0
9f39 (base 16) to base 14
10bd7
1624 (base 7) to base 16
28f
Convert -3302121 (base 4) to base 6.
-155453
131545 (base 8) to base 4
23031211
What is -13a (base 11) in base 6?
-432
-15370 (base 8) to base 11
-5207
What is -4020 (base 5) in base 15?
-240
Convert -75a6 (base 15) to base 16.
-614a
Convert 10111110101110 (base 2) to base 12.
7092
What is -caf4 (base 16) in base 5?
-3130311
What is 233 (base 13) in base 15?
1a5
2232201 (base 4) to base 8
25641
-1b48 (base 13) to base 3
-12122110
Convert e3 (base 15) to base 4.
3111
Convert -111111 (base 3) to base 4.
-11230
-716 (base 10) to base 2
-1011001100
What is 24201 (base 5) in base 2?
11100001001
What is -22300 (base 4) in base 15?
-30d
What is -1da (base 14) in base 4?
-12010
-61018 (base 9) to base 5
-2240422
Convert 19300 (base 10) to base 6.
225204
-38a2 (base 16) to base 8
-34242
What is 100011011 (base 2) in base 3?
101111
1233240 (base 5) to base 7
130353
Convert 171 (base 8) to base 6.
321
-30521 (base 6) to base 13
-1b1c
What is 811 (base 14) in base 8?
3057
Convert 651 (base 15) to base 8.
2622
506 (base 8) to base 12
232
13473 (base 8) to base 7
23224
-111030 (base 4) to base 15
-606
-2817 (base 10) to base 4
-230001
What is -6922 (base 15) in base 10?
-22307
2332 (base 5) to base 16
156
Convert -1cf (base 16) to base 13.
-298
-1202012 (base 3) to base 2
-10011111010
What is 351 (base 6) in base 2?
10001011
-100001100 (base 2) to base 12
-1a4
-5215 (base 14) to base 10
-14131
Convert 752 (base 9) to base 3.
211202
Convert 1100245 (base 6) to base 14.
15c33
b3 (base 16) to base 7
344
851 (base 9) to base 3
221201
e354 (base 16) to base 12
29818
Convert 101101110 (base 2) to base 4.
11232
302330 (base 4) to base 13
163a
What is 22112 (base 4) in base 11?
552
Convert -521 (base 7) to base 4.
-10010
2504 (base 7) to base 16
3a7
-3a (base 16) to base 12
-4a
33 (base 6) to base 13
18
What is 20220120 (base 3) in base 16?
13ad
Convert 37 (base 16) to base 2.
110111
14456 (base 8) to base 6
45502
What is 3bc (base 15) in base 12?
5b0
110101010 (base 2) to base 5
3201
Convert -587 (base 12) to base 7.
-2254
Convert -28a0 (base 11) to base 6.
-25152
What is -130b4 (base 14) in base 9?
-71176
What is -2310 (base 4) in base 12?
-130
Convert -10010120000 (base 3) to base 14.
-1866d
What is -1a7 (base 15) in base 9?
-464
740 (base 8) to base 6
2120
-3322104 (base 5) to base 2
-1110000110110011
Convert -1884 (base 9) to base 7.
-4144
What is -130 (base 11) in base 5?
-1104
What is -13808 (base 11) in base 14?
-720a
2213 (base 7) to base 2
1100011010
-98b (base 16) to base 9
-3314
What is 111 (base 15) in base 14?
133
Convert 39 (base 15) to base 16.
36
Convert 103630 (base 7) to base 13.
8353
22141 (base 7) to base 6
41434
What is -36 (base 14) in base 10?
-48
-68600 (base 9) to base 6
-551300
271 (base 12) to base 14
1c9
What is -39270 (base 10) in base 2?
-1001100101100110
-326 (base 15) to base 10
-711
Convert -342d (base 16) to base 7.
-53641
1a55 (base 11) to base 5
40401
What is -7ba (base 16) in base 3?
-2201021
Convert 1153450 (base 6) to base 9.
103613
-51025 (base 7) to base 3
-121222001
Convert 31a (base 14) to base 16.
264
78 (base 14) to base 3
10221
111010101010100 (base 2) to base 7
153366
What is 44831 (base 9) in base 2?
111010010001100
-153bb (base 12) to base 5
-1424301
-1441414 (base 5) to base 8
-74213
10100011110100 (base 2) to base 8
24364
Convert 144 (base 5) to base 13.
3a
What is 58a0 (base 12) in base 5?
304122
1587 (base 13) to base 11
2407
What is -545 (base 6) in base 4?
-3101
Convert -933 (base 11) to base 15.
-500
2c4b (base 13) to base 6
50005
What is 114b (base 12) in base 13?
b57
103033 (base 4) to base 7
3406
What is -44a (base 12) in base 11?
-527
Convert 2122212 (base 3) to base 7.
5441
1054 (base 6) to base 13
163
What is -14244 (base 12) in base 11?
-1a034
What is 6972 (base 13) in base 9?
22260
Convert 472a (base 13) to base 8.
23427
What is -344a (base 12) in base 11?
-440a
330033 (base 4) to base 5
110410
Convert -4 (base 8) to base 12.
-4
What is -72d (base 14) in base 2?
-10110000101
Convert -1075 (base 12) to base 11.
-1402
Convert -565 (ba